5.
67
What is the greatest common divisor of 2 and 2224?
2
Calculate the highest common factor of 60 and 165.
15
What is the greatest common divisor of 598 and 23023?
299
Calculate the highest common divisor of 40 and 1240.
40
Calculate the greatest common factor of 5 and 895.
5
Calculate the greatest common divisor of 119 and 2261.
119
Calculate the highest common divisor of 115 and 1357.
23
What is the greatest common divisor of 80 and 2304?
16
Calculate the greatest common divisor of 774 and 54.
18
Calculate the greatest common factor of 13 and 95693.
13
What is the highest common divisor of 39 and 13?
13
What is the greatest common divisor of 3500 and 112?
28
Calculate the greatest common factor of 170 and 40.
10
Calculate the greatest common divisor of 208 and 52.
52
Calculate the greatest common divisor of 83 and 49883.
83
Calculate the highest common divisor of 1888 and 64.
32
Calculate the greatest common factor of 3 and 5.
1
What is the highest common divisor of 23 and 598?
23
Calculate the greatest common factor of 306 and 30.
6
Calculate the greatest common factor of 1264 and 32.
16
What is the highest common factor of 1422 and 234?
18
Calculate the highest common factor of 41 and 6437.
41
What is the highest common divisor of 240 and 390?
30
What is the highest common factor of 1 and 607?
1
Calculate the greatest common factor of 21 and 1281.
21
Calculate the highest common factor of 64 and 292.
4
What is the highest common divisor of 12 and 12?
12
What is the highest common divisor of 120 and 9?
3
What is the highest common factor of 39 and 13?
13
Calculate the greatest common divisor of 403 and 689.
13
Calculate the greatest common factor of 81 and 72.
9
Calculate the greatest common factor of 704 and 220.
44
Calculate the greatest common divisor of 178 and 4361.
89
What is the highest common factor of 2363 and 170?
17
What is the highest common divisor of 2977 and 26?
13
Calculate the highest common factor of 1852 and 2.
2
Calculate the greatest common divisor of 1334 and 290.
58
Calculate the highest common factor of 5014 and 654.
218
Calculate the highest common divisor of 10 and 16.
2
What is the highest common divisor of 361 and 171?
19
Calculate the highest common factor of 1790 and 10.
10
Calculate the greatest common divisor of 10485 and 45.
45
What is the greatest common factor of 12 and 12684?
12
What is the greatest common divisor of 8 and 632?
8
What is the highest common factor of 112 and 9296?
112
Calculate the highest common divisor of 5058 and 36.
18
What is the greatest common factor of 7816 and 8?
8
Calculate the highest common divisor of 770 and 1120.
70
What is the greatest common factor of 551 and 19?
19
What is the highest common factor of 18 and 2502?
18
What is the highest common factor of 1984 and 512?
64
Calculate the greatest common factor of 272 and 323.
17
What is the greatest common factor of 458 and 18?
2
Calculate the greatest common factor of 1152 and 3.
3
Calculate the highest common factor of 18 and 2934.
18
What is the greatest common divisor of 228 and 171?
57
Calculate the greatest common factor of 1357 and 118.
59
Calculate the highest common divisor of 896 and 56.
56
What is the greatest common factor of 10 and 125?
5
Calculate the greatest common factor of 76 and 741.
19
What is the highest common factor of 260 and 12?
4
What is the highest common factor of 1347 and 3?
3
Calculate the greatest common divisor of 28757 and 193.
193
Calculate the greatest common divisor of 114 and 1672.
38
Calculate the greatest common divisor of 480 and 384.
96
What is the greatest common factor of 22289 and 62?
31
What is the highest common factor of 832 and 16?
16
Calculate the greatest common factor of 4010 and 10.
10
What is the greatest common factor of 60 and 8220?
60
Calculate the highest common factor of 110 and 275.
55
What is the highest common factor of 24 and 108?
12
Calculate the greatest common factor of 1122 and 1254.
66
Calculate the highest common divisor of 185 and 10.
5
Calculate the highest common factor of 212 and 159.
53
Calculate the greatest common factor of 175 and 343.
7
What is the highest common factor of 116 and 4?
4
What is the greatest common divisor of 24 and 64?
8
Calculate the greatest common divisor of 44 and 99.
11
What is the greatest common factor of 2 and 2?
2
What is the greatest common divisor of 480 and 690?
30
What is the highest common factor of 114 and 222?
6
What is the greatest common divisor of 184 and 1808?
8
What is the highest common factor of 120 and 210?
30
Calculate the highest common divisor of 624 and 48.
48
What is the greatest common factor of 60 and 28?
4
What is the highest common factor of 205 and 328?
41
Calculate the highest common divisor of 1352 and 8.
8
Calculate the highest common factor of 539 and 2387.
77
Calculate the highest common divisor of 172 and 4773.
43
Calculate the highest common factor of 19401 and 3.
3
What is the greatest common factor of 104 and 572?
52
What is the highest common factor of 3 and 6?
3
What is the highest common divisor of 55 and 143?
11
What is the greatest common divisor of 945 and 45?
45
What is the highest common divisor of 118 and 4779?
59
What is the highest common divisor of 140 and 3780?
140
What is the highest common divisor of 31220 and 5?
5
What is the highest common divisor of 130 and 190?
10
What is the greatest common factor of 4636 and 684?
76
What is the highest common divisor of 54 and 27?
27
What is the highest common divisor of 56 and 5404?
28
Calculate the highest common factor of 16767 and 69.
69
Calculate the greatest common divisor of 7 and 224.
7
What is the highest common factor of 790 and 90?
10
What is the highest common divisor of 1 and 4?
1
What is the highest common factor of 172 and 602?
86
Calculate the greatest common factor of 484 and 4.
4
What is the greatest common divisor of 168 and 5112?
24
Calculate the greatest common factor of 88 and 396.
44
What is the highest common divisor of 135 and 432?
27
What is the greatest common divisor of 86 and 2494?
86
Calculate the highest common factor of 627 and 5214.
33
What is the highest common factor of 15 and 305?
5
Calculate the highest common divisor of 334 and 5511.
167
Calculate the highest common factor of 65 and 15.
5
What is the greatest common divisor of 704 and 44?
44
Calculate the greatest common divisor of 279 and 9.
9
Calculate the greatest common factor of 13 and 3.
1
Calculate the highest common divisor of 176 and 33.
11
Calculate the highest common divisor of 2435 and 5.
5
Calculate the highest common divisor of 1344 and 84.
84
Calculate the greatest common divisor of 18 and 6.
6
What is the greatest common factor of 546 and 1521?
39
What is the greatest common factor of 2 and 13?
1
Calculate the highest common factor of 1 and 41.
1
What is the highest common factor of 65 and 65?
65
What is the greatest common factor of 56 and 1400?
56
Calculate the highest common factor of 1507 and 11.
11
What is the highest common divisor of 203 and 145?
29
What is the highest common divisor of 24 and 108?
12
What is the greatest common divisor of 27 and 1?
1
What is the highest common factor of 435 and 2523?
87
What is the greatest common factor of 13 and 403?
13
What is the greatest common factor of 48 and 456?
24
What is the greatest common divisor of 18522 and 98?
98
What is the highest common factor of 45 and 117?
9
What is the highest common divisor of 1098 and 11712?
366
What is the greatest common divisor of 1756 and 14?
2
What is the highest common factor of 56 and 3472?
56
Calculate the greatest common factor of 616 and 11.
11
Calculate the greatest common factor of 19 and 893.
19
What is the highest common factor of 232 and 16?
8
Calculate the greatest common factor of 21964 and 38.
38
Calculate the greatest common divisor of 198 and 126.
18
Calculate the highest common divisor of 238 and 28.
14
Calculate the highest common divisor of 5625 and 15.
15
Calculate the highest common factor of 13865 and 1475.
295
What is the highest common factor of 189 and 135?
27
What is the highest common divisor of 175 and 245?
35
What is the highest common factor of 2 and 8?
2
Calculate the greatest common factor of 9 and 2169.
9
What 